tors of 15642?
2, 3, 11, 79
What are the prime factors of 489?
3, 163
What are the prime factors of 18590?
2, 5, 11, 13
List the prime factors of 798.
2, 3, 7, 19
What are the prime factors of 3619?
7, 11, 47
What are the prime factors of 51?
3, 17
List the prime factors of 6808.
2, 23, 37
What are the prime factors of 1011?
3, 337
List the prime factors of 4227.
3, 1409
What are the prime factors of 2033?
19, 107
What are the prime factors of 69051?
3, 23017
List the prime factors of 2556.
2, 3, 71
List the prime factors of 64714.
2, 13, 19, 131
List the prime factors of 2487.
3, 829
What are the prime factors of 670?
2, 5, 67
What are the prime factors of 34542?
2, 3, 19, 101
What are the prime factors of 10649?
23, 463
List the prime factors of 73647.
3, 7, 167
List the prime factors of 7016.
2, 877
List the prime factors of 1003.
17, 59
List the prime factors of 4224.
2, 3, 11
What are the prime factors of 9307?
41, 227
List the prime factors of 53498.
2, 23, 1163
List the prime factors of 29785.
5, 7, 23, 37
What are the prime factors of 1279?
1279
What are the prime factors of 101593?
19, 5347
List the prime factors of 89708.
2, 41, 547
What are the prime factors of 2292?
2, 3, 191
What are the prime factors of 35003?
17, 29, 71
What are the prime factors of 1684?
2, 421
List the prime factors of 30171.
3, 89, 113
List the prime factors of 3561.
3, 1187
What are the prime factors of 1380?
2, 3, 5, 23
What are the prime factors of 42979?
42979
What are the prime factors of 63494?
2, 53, 599
What are the prime factors of 58615?
5, 19, 617
List the prime factors of 109422.
2, 3, 6079
What are the prime factors of 56670?
2, 3, 5, 1889
What are the prime factors of 800?
2, 5
What are the prime factors of 47227?
83, 569
What are the prime factors of 39074?
2, 7, 2791
List the prime factors of 2047.
23, 89
What are the prime factors of 763?
7, 109
List the prime factors of 16700.
2, 5, 167
What are the prime factors of 5006?
2, 2503
List the prime factors of 4243.
4243
What are the prime factors of 655?
5, 131
What are the prime factors of 189?
3, 7
What are the prime factors of 110509?
7, 15787
List the prime factors of 69693.
3, 13, 1787
What are the prime factors of 3385?
5, 677
List the prime factors of 8599.
8599
What are the prime factors of 12259?
13, 23, 41
List the prime factors of 80.
2, 5
List the prime factors of 5622.
2, 3, 937
What are the prime factors of 10127?
13, 19, 41
What are the prime factors of 557?
557
List the prime factors of 34841.
34841
List the prime factors of 277.
277
List the prime factors of 4106.
2, 2053
List the prime factors of 48723.
3, 109, 149
List the prime factors of 14089.
73, 193
List the prime factors of 19970.
2, 5, 1997
List the prime factors of 450.
2, 3, 5
What are the prime factors of 6441?
3, 19, 113
What are the prime factors of 166?
2, 83
What are the prime factors of 1559?
1559
What are the prime factors of 37123?
37123
What are the prime factors of 750?
2, 3, 5
List the prime factors of 467.
467
What are the prime factors of 678?
2, 3, 113
What are the prime factors of 3161?
29, 109
What are the prime factors of 24997?
7, 3571
What are the prime factors of 107?
107
What are the prime factors of 18761?
73, 257
What are the prime factors of 1503?
3, 167
List the prime factors of 3875.
5, 31
List the prime factors of 3685.
5, 11, 67
List the prime factors of 1423.
1423
What are the prime factors of 2996?
2, 7, 107
List the prime factors of 536.
2, 67
List the prime factors of 659.
659
List the prime factors of 735.
3, 5, 7
What are the prime factors of 59241?
3, 7, 13, 31
What are the prime factors of 4341?
3, 1447
List the prime factors of 14388.
2, 3, 11, 109
List the prime factors of 1402.
2, 701
List the prime factors of 201.
3, 67
What are the prime factors of 3246?
2, 3, 541
List the prime factors of 1121.
19, 59
What are the prime factors of 9652?
2, 19, 127
What are the prime factors of 1068?
2, 3, 89
What are the prime factors of 38053?
38053
List the prime factors of 57578.
2, 28789
What are the prime factors of 4702?
2, 2351
What are the prime factors of 2574?
2, 3, 11, 13
List the prime factors of 4156.
2, 1039
List the prime factors of 105608.
2, 43, 307
What are the prime factors of 79151?
79151
List the prime factors of 11800.
2, 5, 59
What are the prime factors of 143326?
2, 71663
What are the prime factors of 5657?
5657
List the prime factors of 4937.
4937
List the prime factors of 9679.
9679
List the prime factors of 532.
2, 7, 19
What are the prime factors of 26830?
2, 5, 2683
What are the prime factors of 78?
2, 3, 13
What are the prime factors of 704?
2, 11
List the prime factors of 316.
2, 79
List the prime factors of 10877.
73, 149
What are the prime factors of 1930?
2, 5, 193
What are the prime factors of 3731?
7, 13, 41
List the prime factors of 49551.
3, 83, 199
What are the prime factors of 605?
5, 11
List the prime factors of 2463.
3, 821
What are the prime factors of 129968?
2, 8123
What are the prime factors of 36615?
3, 5, 2441
What are the prime factors of 6258?
2, 3, 7, 149
What are the prime factors of 7685?
5, 29, 53
List the prime factors of 1169.
7, 167
What are the prime factors of 44197?
193, 229
What are the prime factors of 120?
2, 3, 5
What are the prime factors of 80429?
80429
List the prime factors of 512.
2
What are the prime factors of 580?
2, 5, 29
List the prime factors of 193.
193
List the prime factors of 2346.
2, 3, 17, 23
List the prime factors of 998.
2, 499
List the prime factors of 29877.
3, 23, 433
List the prime factors of 2638.
2, 1319
What are the prime factors of 47852?
2, 7, 1709
List the prime factors of 12499.
29, 431
What are the prime factors of 1761?
3, 587
List the prime factors of 134318.
2, 239, 281
List the prime factors of 8646.
2, 3, 11, 131
What are the prime factors of 7725?
3, 5, 103
What are the prime factors of 19619?
23, 853
What are the prime factors of 49698?
2, 3, 11, 251
List the prime factors of 1435.
5, 7, 41
List the prime factors of 6126.
2, 3, 1021
What are the prime factors of 71663?
71663
What are the prime factors of 1332?
2, 3, 37
What are the prime factors of 25663?
11, 2333
List the prime factors of 4953.
3, 13, 127
List the prime factors of 19292.
2, 7, 13, 53
List the prime factors of 12141.
3, 19, 71
List the prime factors of 947.
947
What are the prime factors of 188?
2, 47
What are the prime factors of 75114?
2, 3, 13, 107
What are the prime factors of 3592?
2, 449
List the prime factors of 92631.
3, 7, 11, 401
List the prime factors of 45159.
3, 15053
What are the prime factors of 815?
5, 163
What are the prime factors of 4757?
67, 71
What are the prime factors of 58831?
58831
What are the prime factors of 1450?
2, 5, 29
What are the prime factors of 983?
983
List the prime factors of 62578.
2, 67, 467
List the prime factors of 2191.
7, 313
What are the prime factors of 15975?
3, 5, 71
What are the prime factors of 809?
809
List the prime factors of 1437.
3, 479
List the prime factors of 66020.
2, 5, 3301
What are the prime factors of 154?
2, 7, 11
List the prime factors of 639.
3, 71
What are the prime factors of 28068?
2, 3, 2339
What are the prime factors of 2174?
2, 1087
What are the prime factors of 16841?
11, 1531
What are the prime factors of 8227?
19, 433
What are the prime factors of 27144?
2, 3, 13, 29
List the prime factors of 947.
947
List the prime factors of 928.
2, 29
List the prime factors of 375.
3, 5
List the prime factors of 13753.
17, 809
List the prime factors of 14382.
2, 3, 17, 47
List the prime factors of 1713.
3, 571
List the prime factors of 14172.
2, 3, 1181
What are the prime factors of 9836?
2, 2459
What are the prime factors of 736?
2, 23
List the prime factors of 775.
5, 31
What are the prime factors of 3719?
3719
What are the prime factors of 1483?
1483
What are the prime factors of 11042?
2, 5521
What are the prime factors of 1180?
2, 5, 59
List the prime factors of 150.
2, 3, 5
List the prime factors of 22415.
5, 4483
What are the prime factors of 51173?
73, 701
What are the prime factors of 5038?
2, 11, 229
What are the prime factors of 5009?
5009
List the prime factors of 297.
3, 11
List the prime factors of 918.
2, 3, 17
List the prime factors of 1096.
2, 